{"id":97,"date":"2019-10-25T13:50:53","date_gmt":"2019-10-25T13:50:53","guid":{"rendered":"https:\/\/fahrzeugberatung.online\/?page_id=97"},"modified":"2019-12-30T00:57:09","modified_gmt":"2019-12-30T00:57:09","slug":"uber-mich","status":"publish","type":"page","link":"https:\/\/fahrzeugberatung.online\/index.php\/uber-mich\/","title":{"rendered":"\u00dcber Mich"},"content":{"rendered":"<p>[et_pb_section fb_built=&#8221;1&#8243; _builder_version=&#8221;4.0.5&#8243; custom_padding=&#8221;||||false|false&#8221;][et_pb_row _builder_version=&#8221;4.0.5&#8243; module_alignment=&#8221;center&#8221; custom_margin=&#8221;|auto||auto|false|false&#8221; custom_padding=&#8221;||||false|false&#8221;][et_pb_column type=&#8221;4_4&#8243; _builder_version=&#8221;4.0.3&#8243;][et_pb_text _builder_version=&#8221;4.0.5&#8243; header_2_font=&#8221;Teko||||||||&#8221; inline_fonts=&#8221;Teko&#8221;]<\/p>\n<p><span style=\"font-family: Teko; font-weight: normal;\"><\/span><\/p>\n<p><span style=\"font-family: Teko; font-weight: normal;\"><\/span><\/p>\n<p><span style=\"font-family: Teko; font-weight: normal;\"><\/span><\/p>\n<h2><span style=\"font-family: Teko; font-weight: normal;\">\u00dcber Mich<br \/><\/span><\/h2>\n<p><span style=\"font-family: inherit; font-weight: normal;\">Hallo liebe Besucherin\/lieber Besucher,<\/span><\/p>\n<p><span style=\"font-family: inherit; font-weight: normal;\">Mein Name ist Christian Knott. Ich bin gelernter Fachinformatiker mit Fachrichtung Systemintegration. Neben der Informatik besch\u00e4ftige ich mich in meiner Freizeit \u00fcberdurchschnittlich viel mit Fahrzeugen aller Art. Dadurch habe ich bereits Erfahrungen im Bereich Fahrzeugberatung gesammelt. Im privaten Bereich habe ich so schon vielen Leuten zum passenden Fahrzeug verholfen. Davor habe ich Sie nat\u00fcrlich ausgiebig bei der Auswahl unterst\u00fctzt. Nach der Entscheidung, habe ich Sie dann zum Kauf vor Ort begleitet. Vor Ort wurde dann auch immer das ausgew\u00e4hlte Fahrzeug erworben. Selbstverst\u00e4ndlich habe ich auch bei der Preisverhandlung tatkr\u00e4ftig unterst\u00fctzt. <\/span><\/p>\n<p><span style=\"font-family: inherit; font-weight: normal;\">Ich m\u00f6chte mit Hilfe dieser Website Menschen beim Alltagsproblem (Fahrzeugauswahl Neu-\/Gebrauchtwagen) unterst\u00fctzen. Mir ist es ein Bed\u00fcrfnis, f\u00fcr jeden Geldbeutel eine L\u00f6sung zu finden, mit der der K\u00e4ufer gl\u00fccklich ist. <\/span><\/p>\n<h1><span style=\"font-family: inherit; font-weight: normal;\"><\/span><\/h1>\n<p><span style=\"font-family: inherit; font-weight: normal;\"><\/span><\/p>\n<p><span style=\"font-family: inherit; font-weight: normal;\">Mit freundlichen Gr\u00fc\u00dfen<br \/> <\/span><\/p>\n<p><span style=\"font-family: inherit; font-weight: normal;\">Christian Knott<\/span><\/p>\n<p><span style=\"font-family: inherit; font-weight: normal;\"><\/span><\/p>\n<p><span style=\"font-family: inherit; font-weight: normal;\"><\/span><\/p>\n<p>[\/et_pb_text][\/et_pb_column][\/et_pb_row][\/et_pb_section]<\/p>\n","protected":false},"excerpt":{"rendered":"<p>\u00dcber Mich Hallo liebe Besucherin\/lieber Besucher, Mein Name ist Christian Knott. Ich bin gelernter Fachinformatiker mit Fachrichtung Systemintegration. Neben der Informatik besch\u00e4ftige ich mich in meiner Freizeit \u00fcberdurchschnittlich viel mit Fahrzeugen aller Art. Dadurch habe ich bereits Erfahrungen im Bereich Fahrzeugberatung gesammelt. Im privaten Bereich habe ich so schon vielen Leuten zum passenden Fahrzeug verholfen. [&#8230;]<\/p>\n","protected":false},"author":1,"featured_media":0,"parent":0,"menu_order":0,"comment_status":"closed","ping_status":"closed","template":"","meta":{"_et_pb_use_builder":"on","_et_pb_old_content":"","_et_gb_content_width":"","footnotes":""},"class_list":["post-97","page","type-page","status-publish","hentry"],"_links":{"self":[{"href":"https:\/\/fahrzeugberatung.online\/index.php\/wp-json\/wp\/v2\/pages\/97","targetHints":{"allow":["GET"]}}],"collection":[{"href":"https:\/\/fahrzeugberatung.online\/index.php\/wp-json\/wp\/v2\/pages"}],"about":[{"href":"https:\/\/fahrzeugberatung.online\/index.php\/wp-json\/wp\/v2\/types\/page"}],"author":[{"embeddable":true,"href":"https:\/\/fahrzeugberatung.online\/index.php\/wp-json\/wp\/v2\/users\/1"}],"replies":[{"embeddable":true,"href":"https:\/\/fahrzeugberatung.online\/index.php\/wp-json\/wp\/v2\/comments?post=97"}],"version-history":[{"count":11,"href":"https:\/\/fahrzeugberatung.online\/index.php\/wp-json\/wp\/v2\/pages\/97\/revisions"}],"predecessor-version":[{"id":298,"href":"https:\/\/fahrzeugberatung.online\/index.php\/wp-json\/wp\/v2\/pages\/97\/revisions\/298"}],"wp:attachment":[{"href":"https:\/\/fahrzeugberatung.online\/index.php\/wp-json\/wp\/v2\/media?parent=97"}],"curies":[{"name":"wp","href":"https:\/\/api.w.org\/{rel}","templated":true}]}}